l**2 - 2*l - 4*l**2 + 14. Calculate g(k).
14
Let t(n) = -n**2 + 5*n + 1398. Let o be t(-35). Let u(r) = 3*r + 5. Let s(k) = -k - 2. Let m(v) = 5*s(v) + 2*u(v). Give m(o).
-2
Let u(d) = -d - 2. Let c(s) = -103*s - 319. Let l be c(-3). Calculate u(l).
8
Let h(c) = -16*c + 128. Let a be h(8). Let s(v) = -154*v + 156*v - 3 + a. Determine s(5).
7
Let x = 26706 - 26726. Let o(a) = a**3 + 18*a**2 - 44*a - 68. Determine o(x).
12
Let d(g) be the second derivative of g**7/840 + g**6/45 + g**5/24 - 5*g**4/12 - 32*g**3 + 95*g. Let n(v) be the second derivative of d(v). Calculate n(-7).
4
Suppose -4*f - 24 = -40. Let y(t) = -7*t - 6*t + 10*t - f - 6*t. Suppose 24 = -0*r - 8*r. What is y(r)?
23
Let r = 5/2793 - -1550/931. Let i(w) be the first derivative of w**2 + 16 + 7*w - r*w**3 - 1/4*w**4. Calculate i(-5).
-3
Let w(o) = o**2 + 11*o + 20. Let n be w(-3). Let z(c) = 2*c - 1. Let y(d) = -10*d + 2. Let u(x) = n*z(x) - 2*y(x). Give u(1).
12
Let t(x) = x**2 + 2650 - 4*x - 2650 + x**3. Let d be 1/(-2)*(-22)/(-1). Let m = d + 8. Give t(m).
-6
Let m(z) = z**3 + 5*z**2 - 5*z - 10. Let y(w) = -3*w**3 - 15*w**2 + 16*w + 31. Let h(a) = -11*m(a) - 4*y(a). Let x = -526502 - -526496. Give h(x).
4
Let l(z) be the first derivative of -z**3/3 - z**2 + 87*z - 828. Calculate l(0).
87
Let p(y) = -y**3 + 81 + 31 + 27*y - 90 - y**2 - 6*y**2. Determine p(-10).
52
Let h(k) = k**2 - 4*k + 2. Let g = 399 - 199. Suppose g = -9*f + 4*f. Let z be 15/4 - (-5)/(f/(-2)). Calculate h(z).
2
Let r(c) = c**3 + 2 - 457*c**2 + 3*c + 470*c**2 + 1. Calculate r(-13).
-36
Let x(v) be the second derivative of -v**5/20 - 7*v**4/6 - 11*v**2/2 - v. Let c be (((-16)/(-7))/4)/(6/(-147)). Give x(c).
-11
Let x(g) = g**2 + g + 1. Let z(o) = 7*o**3 - 4*o**2 - 5*o - 4. Let t(q) = 3*x(q) + z(q). Suppose 5*c - 39 = 4*v, -836*v - 2*c = -833*v - 11. Give t(v).
-7
Let k(g) = 9*g**2 - 8*g - 7. Suppose -2*n + 7*y - 3*y + 24 = 0, 3*n + 3*y + 27 = 0. Give k(n).
45
Let s(r) = r**2 + r + 6. Let b be 20/(8/2) + (3 - -9). Let j(n) = -n**2 - 3*n - 17. Let a(l) = b*s(l) + 6*j(l). Calculate a(1).
10
Suppose 45*t + 1 = 226. Suppose t*a - 2*f = a + 2, 5*f + 20 = -5*a. Let w(h) = -14*h**2 - 2*h - 1. Determine w(a).
-13
Let r(i) = -41*i**3 - 23*i**2 - 2*i - 18. Let k(c) = 19*c**3 + 11*c**2 + c + 9. Let w = 458 + -464. Let o(m) = w*r(m) - 13*k(m). Give o(-5).
-4
Let o(d) be the second derivative of d**4/12 + 3*d**3/2 + 4*d**2 + 27*d - 595. Let w be -2 + (-6)/(-1 + 2). Calculate o(w).
0
Let t(v) = -5*v**2 + 126*v - 25. Let o be t(25). Let p(x) = 3*x**3 + 4*x**2 + 2*x + 8. Let r(s) = s**3 + s**2 + s. Let f(q) = p(q) - 4*r(q). Give f(o).
8
Let w(z) be the third derivative of -z**6/120 - z**5/2 - z**4/24 - 16*z**3/3 - 1979*z**2. What is w(-30)?
-2
Let c(f) = 2*f**3 - 9*f**2 + 3*f - 1. Suppose 0 = 2*o - 103 + 99. Give c(o).
-15
Let y(b) be the second derivative of -11/2*b**2 - 21 - 1/3*b**3 + 3*b. Determine y(0).
-11
Let c(g) be the first derivative of 7*g**2/2 - 10*g - 467. What is c(-10)?
-80
Let i(g) = -g - 4. Suppose -8 = -6*y + 2*y. Suppose -y*c - 8 + 26 = 0. Suppose -c = -3*a, 19 = -4*t + 3*a - 2*a. Calculate i(t).
0
Let q(y) be the third derivative of y**6/120 - 13*y**5/60 + 29*y**4/24 - 71*y**3/6 - 968*y**2. What is q(11)?
6
Let a(j) = -j**2 + 10*j + 15. Suppose -361 = -41*v + 131. Determine a(v).
-9
Let p(y) be the second derivative of -109*y**3/6 - 105*y**2/2 - 163*y. Calculate p(-1).
4
Suppose -3*u - 8 = -14. Suppose -u*q - q + 38 = -4*a, 88 = 4*q + 4*a. Let f(v) = v**2 + 9 - 17*v + v**2 - 3*v**2 + q*v. What is f(0)?
9
Suppose 4*h = 2*c + 178, 5*c + 2*h = 301 - 710. Let g = c + 85. Let n(u) = -5*u - 1. What is n(g)?
-11
Let n(a) = -5. Let w(z) = z + 1. Let f(p) be the first derivative of -3*p**2/2 - 16*p + 7. Let c be f(-6). Let d(j) = c*w(j) - n(j). What is d(-7)?
-7
Let q(y) = y**3 - 12*y**2 + 37*y. Suppose -5*n + 7 = 2*j, -38*j + 39*j = 5*n + 11. What is q(j)?
6
Let f(u) = 13*u**2 - 41*u + 200. Let r(g) = 11*g**2 - 39*g + 170. Let z(t) = -5*f(t) + 6*r(t). Give z(28).
-8
Let l(v) be the third derivative of v**6/120 + v**5/6 - v**4/3 - 10*v**3/3 + v**2 + 5*v - 221. Calculate l(-10).
60
Let t be 1*2*32/(-64). Let v(c) = 6*c + 1. Let w(y) = -y**2 + y. Let s(n) = t*v(n) + 4*w(n). Determine s(-1).
-3
Let l(t) = 2162*t**3 - 4*t**2 + 5*t - 2 + t**2 - 2161*t**3. Calculate l(3).
13
Let o(q) be the first derivative of q**4/4 - 8*q**3/3 + 3*q**2/2 + 58*q - 2418. Give o(5).
-2
Let v(o) be the second derivative of 7*o**4/12 - 37*o**3/6 + 5*o**2/2 - 2*o - 83. Give v(5).
-5
Suppose -8*f + 2*f + 160 - 172 = 0. Let b(g) = 2*g + 2 + 17 - 6 - 6. Calculate b(f).
3
Let d(p) = -2*p - 3. Let r(o) = o - 38. Let h = 21 - 9. Let a be r(h). Let k = 21 + a. Determine d(k).
7
Let z(i) = -2*i**2 + 9*i + 175. Let q = -27772 - -27784. Calculate z(q).
-5
Let p = -893 + 899. Let q(l) = -4*l**2 + 4*l**3 - p*l**2 - 5*l**3 + 8 + l - 6*l**2 + 17*l**2. What is q(3)?
-7
Let w(f) = -418*f. Let m(v) = 19*v. Suppose -20 - 16 = 6*l. Let r(q) = l*w(q) - 133*m(q). Calculate r(-2).
38
Let j(c) = -3*c - 2. Suppose -38*m + 26*m + 120 = 0. Suppose -2*o - 1 = 3*s, 0 = -s + m*o - 6*o + 9. Calculate j(s).
-5
Let t = -7878 + 7863. Let a(z) = -5*z**2 - 73*z + 12. Calculate a(t).
-18
Let s(y) = 37*y + 99. Let b(d) = 3*d + 7. Let r(m) = -14*b(m) + s(m). Suppose 6 = x + 2*x. Suppose -x = f - 3*f. Determine r(f).
-4
Let v(a) = -a**2 + 2*a + 58. Let g(u) = -2*u**2 + 3*u + 55. Let r(c) = -3*g(c) + 4*v(c). Let o(i) be the first derivative of r(i). Determine o(4).
15
Let n(u) be the second derivative of -2/3*u**3 - 10*u + u**2 + 0. Suppose 5*c + 2*x = 28, -3*x + 14 + 14 = 4*c. Give n(c).
-14
Let t(k) be the first derivative of -2*k**3 + 3*k**2/2 + 11*k - 281. Give t(-3).
-52
Let b(k) = -k**3 + 4*k**2 - 6. Suppose -4*m = 7*q - 9*q - 14, -4*m + 4*q = -12. Let a be b(m). Let t(r) = r**3 + 7*r**2 + 5*r + 1. Calculate t(a).
7
Let h(g) = -g + 3. Let j(a) = 6*a**2 + 142*a - 42. Let c be j(-24). Let s(r) = -18*r + 63. Let d(n) = c*s(n) - 126*h(n). What is d(-1)?
-18
Let d(m) = -8*m - 4. Let o be d(0). Let t be 23 + -26 + 9/6*o. Let q(a) = a**3 + 8*a**2 - 9*a - 2. What is q(t)?
-2
Let u = -233 - -239. Let s(p) = -4*p + u - 9*p - 7*p + 19*p. What is s(13)?
-7
Let u be (-28 + 21 - 7/(21/(-6))) + 19. Let q(w) be the first derivative of -1/2*w**2 - u - 1/3*w**3 + 5*w + 1/4*w**4. What is q(0)?
5
Let y be ((-156)/(-13) + -7)*70/25. Let v(u) = -20*u**3 - 2*u**2 + u. Let r be v(1). Let i = y + r. Let q(f) = f**3 + 6*f**2 - 6*f + 2. Give q(i).
-5
Let g(u) = u + 1. Let s be (-19)/38*(0 - 30). Let c(h) be the first derivative of -h**2 + 33*h + 23. Let r be c(s). Determine g(r).
4
Let m(j) = -2*j + 2 - 2*j + 6*j**2 - j**3 + 0. Let d = 222 - 203. Let x be d - 11 - (0 - -3). Calculate m(x).
7
Let b = -161 - -113. Let y be (-6)/(-3) - b/1. Let j = -48 + y. Let o(h) = -h**3 + h**2 + 2*h. What is o(j)?
0
Let a(z) = z**3 + 8*z**2 - 10*z - 1. Let r be 4/(-10)*12/8*-10. Suppose t - 216 = -r*l + 2*l, -l = 3*t - 65. Let w = -62 + l. Calculate a(w).
8
Let p = -25 - -27. Suppose 0 = -p*a - a + 231. Suppose a - 82 = o. Let f(m) = 2*m + 5. What is f(o)?
-5
Let k(r) = 0 + 3*r**2 - 3 - 8*r**3 + r**2 + 2*r. Let q(y) = 293*y**3 - 3*y - 5*y**2 - 586*y**3 + 302*y**3 + 4. Let z(g) = 5*k(g) + 4*q(g). Determine z(1).
-5
Let y(g) = 9*g**2 - 8*g - 8. Let o be y(-1). Let a(r) = r + 8. What is a(o)?
17
Let h(f) = -f**3 + 7*f**2 - 7*f + 36. Let z be ((-2)/(-4))/(-1)*(-52 + -18)/5. Give h(z).
-13
Let l be 1*8 + -70 + 65. Let y(c) = 44 - 86 + 41 + 2*c. What is y(l)?
5
Let c(r) be the third derivative of r**4/12 + 5*r**3/6 - 36*r**2 - 2*r. Calculate c(-6).
-7
Let p be 3/(-90)*1200/(-160). Let m(v) be the first derivative of -22 + p*v**4 - 10/3*v**3 + 10*v + 0*v**2. Give m(10).
10
Let t be 3 + 0 + -6 + -3. Let f(k) = -k + 12. Let u be f(5). Let l(o) = 0*o - 6*o**2 - 8 - o**3 + 7 - o + u. Give l(t).
12
Let k(h) = -h**2 + h + 1. Suppose -7*f - 130 = -2*f. Let i = f - -25. Let a(y) = y**3 - 3. Let u(j) = i*a(j) - 6*k(j). Determine u(5).
-8
Suppose 556 = 7*o + 549. Let d(h) = -15*h**3 - h + 0*h + 1 - h + 2*h**2 + 5*h**3. Calculate d(o).
-9
Let h(o) = -o**3 + 5*o**2 - 5. Let q be (243/(-45) + 6)/(3/45). Let y be (2 - 15/10) + q/2. Calculate h(y).
-5
Let a(f) = f**2 + 0 - 2 - f**3 - 2*f + 4. Let v be (-8)/12*-3 + -1. Let b = 1 + v. Wh